{"id":902,"date":"2018-03-09T12:49:40","date_gmt":"2018-03-09T11:49:40","guid":{"rendered":"http:\/\/your-its.eu\/website\/?page_id=902"},"modified":"2022-11-21T09:57:36","modified_gmt":"2022-11-21T08:57:36","slug":"de-retail","status":"publish","type":"page","link":"https:\/\/www.your-its.de\/website\/de-kompetenzen\/de-retail\/","title":{"rendered":"Retail"},"content":{"rendered":"<div id=\"pl-902\"  class=\"panel-layout\" ><div id=\"pg-902-0\"  class=\"panel-grid panel-no-style\" ><div id=\"pgc-902-0-0\"  class=\"panel-grid-cell\" ><div id=\"panel-902-0-0-0\" class=\"so-panel widget widget_sow-editor panel-first-child panel-last-child\" data-index=\"0\" ><div\n\t\t\t\n\t\t\tclass=\"so-widget-sow-editor so-widget-sow-editor-base\"\n\t\t\t\n\t\t><h3 class=\"widget-title\">Reibungsloser Betrieb f\u00fcr Ihren Erfolg am POS<\/h3>\n<div class=\"siteorigin-widget-tinymce textwidget\">\n\t<p>Schon kleinste St\u00f6rungen im Betrieb von Filialnetzen k\u00f6nnen aufgrund der kumulierten Anzahl 'verhinderter' Aktionen zu erheblichen Umsatzverlusten f\u00fchren und auch dem Image des Unternehmens schaden. Im Retail-Bereich liegt unsere Expertise auf <a href=\"https:\/\/www.your-its.de\/website\/leistungen\/de-service\/\"><strong>Operating und Support <\/strong><\/a>von<\/p>\n<ul>\n<li>Retail-Netzwerken und ihren Schnittstellen sowie<\/li>\n<li>spezifischen Retail-Anwendungen und Systemen f\u00fcr Warenwirtschaft, Shopdatenmanagement und Loyalty-\/Karten-Programme.<\/li>\n<\/ul>\n<p>Zudem bieten wir unseren Kunden <a href=\"https:\/\/www.your-its.de\/website\/leistungen\/consulting\/\"><strong>Beratung<\/strong><\/a> zu Automatisierungsprozessen wie Re-ordering und <strong>Analysen von<\/strong> <strong>Retail-Daten<\/strong> an. Das k\u00f6nnen einmalige statistische Auswertungen f\u00fcr Marktanalysen sein wie auch regelm\u00e4\u00dfig implementierte Reports zur Prozessoptimierung. Durch unsere vielf\u00e4ltigen Projekte in Tankstellen-Netzen bieten wir auch eigenentwickelte Produkte, wie zum Beispiel das <a href=\"https:\/\/www.your-its.de\/website\/leistungen\/de-technologie\/\"><strong>webbasierte Filialmanagement-Tool GEMRIS<\/strong><\/a>.<\/p>\n<\/div>\n<\/div><\/div><\/div><\/div><div id=\"pg-902-1\"  class=\"panel-grid panel-no-style\" ><div id=\"pgc-902-1-0\"  class=\"panel-grid-cell panel-grid-cell-mobile-last\" ><div id=\"panel-902-1-0-0\" class=\"so-panel widget widget_sow-image panel-first-child\" data-index=\"1\" ><div\n\t\t\t\n\t\t\tclass=\"so-widget-sow-image so-widget-sow-image-default-8b5b6f678277-902\"\n\t\t\t\n\t\t>\n<div class=\"sow-image-container\">\n\t\t\t<a href=\"https:\/\/www.your-its.de\/website\/de-kompetenzen\/de-retail\/de-pos-bos-replacement\/\"\n\t\t\t\t\t>\n\t\t\t<img fetchpriority=\"high\" \n\tsrc=\"https:\/\/www.your-its.de\/website\/wp-content\/uploads\/2018\/03\/retail-500px.jpg\" width=\"1920\" height=\"500\" srcset=\"https:\/\/www.your-its.de\/website\/wp-content\/uploads\/2018\/03\/retail-500px.jpg 1920w, https:\/\/www.your-its.de\/website\/wp-content\/uploads\/2018\/03\/retail-500px-300x78.jpg 300w, https:\/\/www.your-its.de\/website\/wp-content\/uploads\/2018\/03\/retail-500px-768x200.jpg 768w, https:\/\/www.your-its.de\/website\/wp-content\/uploads\/2018\/03\/retail-500px-1024x267.jpg 1024w\" sizes=\"(max-width: 1920px) 100vw, 1920px\" alt=\"\" \t\tclass=\"so-widget-image\"\/>\n\t\t\t<\/a><\/div>\n\n<\/div><\/div><div id=\"panel-902-1-0-1\" class=\"so-panel widget widget_sow-editor panel-last-child\" data-index=\"2\" ><div\n\t\t\t\n\t\t\tclass=\"so-widget-sow-editor so-widget-sow-editor-base\"\n\t\t\t\n\t\t><h3 class=\"widget-title\">Referenz: POS\/BOS-Replacement<\/h3>\n<div class=\"siteorigin-widget-tinymce textwidget\">\n\t<p><a href=\"https:\/\/www.your-its.de\/website\/de-kompetenzen\/de-retail\/de-pos-bos-replacement\/\"><strong>Lesen Sie hier<\/strong><\/a>, wie wir das Rollout eines Kassen- und Backoffice-Systems an mehr als 1.200 Standorten koordiniert haben!<\/p>\n<\/div>\n<\/div><\/div><\/div><div id=\"pgc-902-1-1\"  class=\"panel-grid-cell panel-grid-cell-empty\" ><\/div><\/div><\/div>","protected":false},"excerpt":{"rendered":"<p>Schon kleinste St\u00f6rungen im Betrieb von Filialnetzen k\u00f6nnen aufgrund der kumulierten Anzahl &#8218;verhinderter&#8216; Aktionen zu erheblichen Umsatzverlusten f\u00fchren und auch dem Image des Unternehmens schaden. Im Retail-Bereich liegt unsere Expertise auf Operating und Support von Retail-Netzwerken und ihren Schnittstellen sowie spezifischen Retail-Anwendungen und Systemen f\u00fcr Warenwirtschaft, Shopdatenmanagement und Loyalty-\/Karten-Programme. Zudem &hellip;<\/p>\n","protected":false},"author":1,"featured_media":1459,"parent":898,"menu_order":0,"comment_status":"closed","ping_status":"closed","template":"","meta":{"footnotes":""},"class_list":["post-902","page","type-page","status-publish","has-post-thumbnail","hentry"],"yoast_head":"<!-- This site is optimized with the Yoast SEO plugin v27.5 - https:\/\/yoast.com\/product\/yoast-seo-wordpress\/ -->\n<title>Retail - ITS Consulting GmbH<\/title>\n<meta name=\"robots\" content=\"index, follow, max-snippet:-1, max-image-preview:large, max-video-preview:-1\" \/>\n<link rel=\"canonical\" href=\"https:\/\/www.your-its.de\/website\/de-kompetenzen\/de-retail\/\" \/>\n<meta property=\"og:locale\" content=\"de_DE\" \/>\n<meta property=\"og:type\" content=\"article\" \/>\n<meta property=\"og:title\" content=\"Retail - ITS Consulting GmbH\" \/>\n<meta property=\"og:description\" content=\"Schon kleinste St\u00f6rungen im Betrieb von Filialnetzen k\u00f6nnen aufgrund der kumulierten Anzahl &#039;verhinderter&#039; Aktionen zu erheblichen Umsatzverlusten f\u00fchren und auch dem Image des Unternehmens schaden. Im Retail-Bereich liegt unsere Expertise auf Operating und Support von Retail-Netzwerken und ihren Schnittstellen sowie spezifischen Retail-Anwendungen und Systemen f\u00fcr Warenwirtschaft, Shopdatenmanagement und Loyalty-\/Karten-Programme. Zudem &hellip;\" \/>\n<meta property=\"og:url\" content=\"https:\/\/www.your-its.de\/website\/de-kompetenzen\/de-retail\/\" \/>\n<meta property=\"og:site_name\" content=\"ITS Consulting GmbH\" \/>\n<meta property=\"article:modified_time\" content=\"2022-11-21T08:57:36+00:00\" \/>\n<meta property=\"og:image\" content=\"https:\/\/www.your-its.de\/website\/wp-content\/uploads\/2018\/03\/retail-500px.jpg\" \/>\n\t<meta property=\"og:image:width\" content=\"1920\" \/>\n\t<meta property=\"og:image:height\" content=\"500\" \/>\n\t<meta property=\"og:image:type\" content=\"image\/jpeg\" \/>\n<meta name=\"twitter:card\" content=\"summary_large_image\" \/>\n<meta name=\"twitter:label1\" content=\"Gesch\u00e4tzte Lesezeit\" \/>\n\t<meta name=\"twitter:data1\" content=\"1\u00a0Minute\" \/>\n<script type=\"application\/ld+json\" class=\"yoast-schema-graph\">{\"@context\":\"https:\\\/\\\/schema.org\",\"@graph\":[{\"@type\":\"WebPage\",\"@id\":\"https:\\\/\\\/www.your-its.de\\\/website\\\/de-kompetenzen\\\/de-retail\\\/\",\"url\":\"https:\\\/\\\/www.your-its.de\\\/website\\\/de-kompetenzen\\\/de-retail\\\/\",\"name\":\"Retail - ITS Consulting GmbH\",\"isPartOf\":{\"@id\":\"https:\\\/\\\/www.your-its.de\\\/website\\\/#website\"},\"primaryImageOfPage\":{\"@id\":\"https:\\\/\\\/www.your-its.de\\\/website\\\/de-kompetenzen\\\/de-retail\\\/#primaryimage\"},\"image\":{\"@id\":\"https:\\\/\\\/www.your-its.de\\\/website\\\/de-kompetenzen\\\/de-retail\\\/#primaryimage\"},\"thumbnailUrl\":\"https:\\\/\\\/www.your-its.de\\\/website\\\/wp-content\\\/uploads\\\/2018\\\/03\\\/retail-500px.jpg\",\"datePublished\":\"2018-03-09T11:49:40+00:00\",\"dateModified\":\"2022-11-21T08:57:36+00:00\",\"breadcrumb\":{\"@id\":\"https:\\\/\\\/www.your-its.de\\\/website\\\/de-kompetenzen\\\/de-retail\\\/#breadcrumb\"},\"inLanguage\":\"de\",\"potentialAction\":[{\"@type\":\"ReadAction\",\"target\":[\"https:\\\/\\\/www.your-its.de\\\/website\\\/de-kompetenzen\\\/de-retail\\\/\"]}]},{\"@type\":\"ImageObject\",\"inLanguage\":\"de\",\"@id\":\"https:\\\/\\\/www.your-its.de\\\/website\\\/de-kompetenzen\\\/de-retail\\\/#primaryimage\",\"url\":\"https:\\\/\\\/www.your-its.de\\\/website\\\/wp-content\\\/uploads\\\/2018\\\/03\\\/retail-500px.jpg\",\"contentUrl\":\"https:\\\/\\\/www.your-its.de\\\/website\\\/wp-content\\\/uploads\\\/2018\\\/03\\\/retail-500px.jpg\",\"width\":1920,\"height\":500},{\"@type\":\"BreadcrumbList\",\"@id\":\"https:\\\/\\\/www.your-its.de\\\/website\\\/de-kompetenzen\\\/de-retail\\\/#breadcrumb\",\"itemListElement\":[{\"@type\":\"ListItem\",\"position\":1,\"name\":\"Startseite\",\"item\":\"https:\\\/\\\/www.your-its.de\\\/website\\\/\"},{\"@type\":\"ListItem\",\"position\":2,\"name\":\"Kompetenzen\",\"item\":\"https:\\\/\\\/www.your-its.de\\\/website\\\/de-kompetenzen\\\/\"},{\"@type\":\"ListItem\",\"position\":3,\"name\":\"Retail\"}]},{\"@type\":\"WebSite\",\"@id\":\"https:\\\/\\\/www.your-its.de\\\/website\\\/#website\",\"url\":\"https:\\\/\\\/www.your-its.de\\\/website\\\/\",\"name\":\"ITS Consulting GmbH\",\"description\":\"Qualit\u00e4t mit System\",\"publisher\":{\"@id\":\"https:\\\/\\\/www.your-its.de\\\/website\\\/#organization\"},\"potentialAction\":[{\"@type\":\"SearchAction\",\"target\":{\"@type\":\"EntryPoint\",\"urlTemplate\":\"https:\\\/\\\/www.your-its.de\\\/website\\\/?s={search_term_string}\"},\"query-input\":{\"@type\":\"PropertyValueSpecification\",\"valueRequired\":true,\"valueName\":\"search_term_string\"}}],\"inLanguage\":\"de\"},{\"@type\":\"Organization\",\"@id\":\"https:\\\/\\\/www.your-its.de\\\/website\\\/#organization\",\"name\":\"ITS Consulting GmbH\",\"url\":\"https:\\\/\\\/www.your-its.de\\\/website\\\/\",\"logo\":{\"@type\":\"ImageObject\",\"inLanguage\":\"de\",\"@id\":\"https:\\\/\\\/www.your-its.de\\\/website\\\/#\\\/schema\\\/logo\\\/image\\\/\",\"url\":\"https:\\\/\\\/www.your-its.de\\\/website\\\/wp-content\\\/uploads\\\/2017\\\/12\\\/logo.png\",\"contentUrl\":\"https:\\\/\\\/www.your-its.de\\\/website\\\/wp-content\\\/uploads\\\/2017\\\/12\\\/logo.png\",\"width\":350,\"height\":240,\"caption\":\"ITS Consulting GmbH\"},\"image\":{\"@id\":\"https:\\\/\\\/www.your-its.de\\\/website\\\/#\\\/schema\\\/logo\\\/image\\\/\"}}]}<\/script>\n<!-- \/ Yoast SEO plugin. -->","yoast_head_json":{"title":"Retail - ITS Consulting GmbH","robots":{"index":"index","follow":"follow","max-snippet":"max-snippet:-1","max-image-preview":"max-image-preview:large","max-video-preview":"max-video-preview:-1"},"canonical":"https:\/\/www.your-its.de\/website\/de-kompetenzen\/de-retail\/","og_locale":"de_DE","og_type":"article","og_title":"Retail - ITS Consulting GmbH","og_description":"Schon kleinste St\u00f6rungen im Betrieb von Filialnetzen k\u00f6nnen aufgrund der kumulierten Anzahl 'verhinderter' Aktionen zu erheblichen Umsatzverlusten f\u00fchren und auch dem Image des Unternehmens schaden. Im Retail-Bereich liegt unsere Expertise auf Operating und Support von Retail-Netzwerken und ihren Schnittstellen sowie spezifischen Retail-Anwendungen und Systemen f\u00fcr Warenwirtschaft, Shopdatenmanagement und Loyalty-\/Karten-Programme. Zudem &hellip;","og_url":"https:\/\/www.your-its.de\/website\/de-kompetenzen\/de-retail\/","og_site_name":"ITS Consulting GmbH","article_modified_time":"2022-11-21T08:57:36+00:00","og_image":[{"width":1920,"height":500,"url":"https:\/\/www.your-its.de\/website\/wp-content\/uploads\/2018\/03\/retail-500px.jpg","type":"image\/jpeg"}],"twitter_card":"summary_large_image","twitter_misc":{"Gesch\u00e4tzte Lesezeit":"1\u00a0Minute"},"schema":{"@context":"https:\/\/schema.org","@graph":[{"@type":"WebPage","@id":"https:\/\/www.your-its.de\/website\/de-kompetenzen\/de-retail\/","url":"https:\/\/www.your-its.de\/website\/de-kompetenzen\/de-retail\/","name":"Retail - ITS Consulting GmbH","isPartOf":{"@id":"https:\/\/www.your-its.de\/website\/#website"},"primaryImageOfPage":{"@id":"https:\/\/www.your-its.de\/website\/de-kompetenzen\/de-retail\/#primaryimage"},"image":{"@id":"https:\/\/www.your-its.de\/website\/de-kompetenzen\/de-retail\/#primaryimage"},"thumbnailUrl":"https:\/\/www.your-its.de\/website\/wp-content\/uploads\/2018\/03\/retail-500px.jpg","datePublished":"2018-03-09T11:49:40+00:00","dateModified":"2022-11-21T08:57:36+00:00","breadcrumb":{"@id":"https:\/\/www.your-its.de\/website\/de-kompetenzen\/de-retail\/#breadcrumb"},"inLanguage":"de","potentialAction":[{"@type":"ReadAction","target":["https:\/\/www.your-its.de\/website\/de-kompetenzen\/de-retail\/"]}]},{"@type":"ImageObject","inLanguage":"de","@id":"https:\/\/www.your-its.de\/website\/de-kompetenzen\/de-retail\/#primaryimage","url":"https:\/\/www.your-its.de\/website\/wp-content\/uploads\/2018\/03\/retail-500px.jpg","contentUrl":"https:\/\/www.your-its.de\/website\/wp-content\/uploads\/2018\/03\/retail-500px.jpg","width":1920,"height":500},{"@type":"BreadcrumbList","@id":"https:\/\/www.your-its.de\/website\/de-kompetenzen\/de-retail\/#breadcrumb","itemListElement":[{"@type":"ListItem","position":1,"name":"Startseite","item":"https:\/\/www.your-its.de\/website\/"},{"@type":"ListItem","position":2,"name":"Kompetenzen","item":"https:\/\/www.your-its.de\/website\/de-kompetenzen\/"},{"@type":"ListItem","position":3,"name":"Retail"}]},{"@type":"WebSite","@id":"https:\/\/www.your-its.de\/website\/#website","url":"https:\/\/www.your-its.de\/website\/","name":"ITS Consulting GmbH","description":"Qualit\u00e4t mit System","publisher":{"@id":"https:\/\/www.your-its.de\/website\/#organization"},"potentialAction":[{"@type":"SearchAction","target":{"@type":"EntryPoint","urlTemplate":"https:\/\/www.your-its.de\/website\/?s={search_term_string}"},"query-input":{"@type":"PropertyValueSpecification","valueRequired":true,"valueName":"search_term_string"}}],"inLanguage":"de"},{"@type":"Organization","@id":"https:\/\/www.your-its.de\/website\/#organization","name":"ITS Consulting GmbH","url":"https:\/\/www.your-its.de\/website\/","logo":{"@type":"ImageObject","inLanguage":"de","@id":"https:\/\/www.your-its.de\/website\/#\/schema\/logo\/image\/","url":"https:\/\/www.your-its.de\/website\/wp-content\/uploads\/2017\/12\/logo.png","contentUrl":"https:\/\/www.your-its.de\/website\/wp-content\/uploads\/2017\/12\/logo.png","width":350,"height":240,"caption":"ITS Consulting GmbH"},"image":{"@id":"https:\/\/www.your-its.de\/website\/#\/schema\/logo\/image\/"}}]}},"_links":{"self":[{"href":"https:\/\/www.your-its.de\/website\/wp-json\/wp\/v2\/pages\/902","targetHints":{"allow":["GET"]}}],"collection":[{"href":"https:\/\/www.your-its.de\/website\/wp-json\/wp\/v2\/pages"}],"about":[{"href":"https:\/\/www.your-its.de\/website\/wp-json\/wp\/v2\/types\/page"}],"author":[{"embeddable":true,"href":"https:\/\/www.your-its.de\/website\/wp-json\/wp\/v2\/users\/1"}],"replies":[{"embeddable":true,"href":"https:\/\/www.your-its.de\/website\/wp-json\/wp\/v2\/comments?post=902"}],"version-history":[{"count":50,"href":"https:\/\/www.your-its.de\/website\/wp-json\/wp\/v2\/pages\/902\/revisions"}],"predecessor-version":[{"id":2036,"href":"https:\/\/www.your-its.de\/website\/wp-json\/wp\/v2\/pages\/902\/revisions\/2036"}],"up":[{"embeddable":true,"href":"https:\/\/www.your-its.de\/website\/wp-json\/wp\/v2\/pages\/898"}],"wp:featuredmedia":[{"embeddable":true,"href":"https:\/\/www.your-its.de\/website\/wp-json\/wp\/v2\/media\/1459"}],"wp:attachment":[{"href":"https:\/\/www.your-its.de\/website\/wp-json\/wp\/v2\/media?parent=902"}],"curies":[{"name":"wp","href":"https:\/\/api.w.org\/{rel}","templated":true}]}}