{"id":900,"date":"2018-03-09T12:48:45","date_gmt":"2018-03-09T11:48:45","guid":{"rendered":"http:\/\/your-its.eu\/website\/?page_id=900"},"modified":"2018-08-14T11:02:16","modified_gmt":"2018-08-14T09:02:16","slug":"de-preismelder","status":"publish","type":"page","link":"https:\/\/www.your-its.de\/website\/de-kompetenzen\/de-oil\/de-preismelder\/","title":{"rendered":"Referenz: Preismelder"},"content":{"rendered":"<div id=\"pl-900\"  class=\"panel-layout\" ><div id=\"pg-900-0\"  class=\"panel-grid panel-has-style\" ><div class=\"siteorigin-panels-stretch panel-row-style panel-row-style-for-900-0\" data-stretch-type=\"full\" ><div id=\"pgc-900-0-0\"  class=\"panel-grid-cell\" ><div id=\"panel-900-0-0-0\" class=\"so-panel widget widget_sow-editor panel-first-child panel-last-child\" data-index=\"0\" ><div\n\t\t\t\n\t\t\tclass=\"so-widget-sow-editor so-widget-sow-editor-base\"\n\t\t\t\n\t\t><h3 class=\"widget-title\">Referenz: Anbindung an Markttransparenzstelle (MTS-K) f\u00fcr Kraftstoffpreise<\/h3>\n<div class=\"siteorigin-widget-tinymce textwidget\">\n\t<div id=\"panel-900-1-0-1\" class=\"so-panel widget widget_sow-editor panel-last-child\" data-index=\"2\">\n<div class=\"so-widget-sow-editor so-widget-sow-editor-base\">\n<div class=\"siteorigin-widget-tinymce textwidget\">\n<p>Seit Einf\u00fchrung der Markttransparenzstelle f\u00fcr Kraftstoffe (kurz MTS-K) im August 2013 sind alle Unternehmen, die \u00f6ffentliche Tankstellen betreiben oder deren Preise festsetzen, verpflichtet, Preis\u00e4nderungen bei den g\u00e4ngigen Kraftstoffsorten \u201ein Echtzeit\" \u00fcber die MTS-K an das Bundeskartellamt zu melden.<\/p>\n<p>Unser Kunde, ein Mineral\u00f6lkonzern mit einem Netz von mehr als 1.000 Tankstellen, beauftragte uns, die \u00dcbertragung der Kraftstoffpreise und Tankstellengrunddaten an die MTS-K gem\u00e4\u00df den gesetzlichen Anforderungen zu realisieren.<\/p>\n<\/div>\n<\/div>\n<\/div>\n<\/div>\n<\/div><\/div><\/div><\/div><\/div><div id=\"pg-900-1\"  class=\"panel-grid panel-no-style\" ><div id=\"pgc-900-1-0\"  class=\"panel-grid-cell\" ><div id=\"panel-900-1-0-0\" class=\"so-panel widget widget_sow-features panel-first-child panel-last-child\" data-index=\"1\" ><div\n\t\t\t\n\t\t\tclass=\"so-widget-sow-features so-widget-sow-features-default-8bc88cfa03e1-900\"\n\t\t\t\n\t\t><ul\n\tclass=\"sow-features-list\n\tsow-features-responsive\">\n\n\t\t\t<li\n\t\t\tclass=\"sow-features-feature sow-icon-container-position-top\"\n\t\t\tstyle=\"display: flex; flex-direction: column; width: calc(100% - 25px);\"\n\t\t>\n\t\t\t\n\t\t\t\t\t\t<a\t\t\t\tclass=\"sow-icon-container sow-container-round\"\n\t\t\t\tstyle=\"color: #ffffff; \"\n\t\t\t\ttitle=\"Consulting\"\n\t\t\t\t\t\t\t\t\thref=\"https:\/\/www.your-its.de\/website\/leistungen\/consulting\/\"\n\t\t\t\t\t\t\t\t>\n\t\t\t\t<span class=\"sow-icon-fontawesome sow-fas\" data-sow-icon=\"&#xf140;\"\n\t\tstyle=\"font-size: 40px; color: #008694\" \n\t\taria-hidden=\"true\"><\/span>\t\t\t<\/a>\n\n\t\t\t<div class=\"textwidget\">\n\t\t\t\t\n\t\t\t\t\t\t\t\t\t<h5 class=\"sow-features-feature-title\">\n\t\t\t\t\t\t\t\t\t\t\t\t\t<a\n\t\t\t\t\t\t\t\thref=\"https:\/\/www.your-its.de\/website\/leistungen\/consulting\/\"\n\t\t\t\t\t\t\t\t\t\t\t\t\t\t\t>\n\t\t\t\t\t\t\t Consulting\t\t\t\t\t\t\t<\/a>\n\t\t\t\t\t\t\t\t\t\t\t\t<\/h5>\n\t\t\t\t\n\t\t\t\t\t\t\t<\/div>\n\t\t\t\t\t\t\t\t<\/li>\n\n\t<\/ul>\n<\/div><\/div><\/div><div id=\"pgc-900-1-1\"  class=\"panel-grid-cell\" ><div id=\"panel-900-1-1-0\" class=\"so-panel widget widget_sow-editor panel-first-child panel-last-child\" data-index=\"2\" ><div\n\t\t\t\n\t\t\tclass=\"so-widget-sow-editor so-widget-sow-editor-base\"\n\t\t\t\n\t\t>\n<div class=\"siteorigin-widget-tinymce textwidget\">\n\t<p>Die <strong>Prozessanalyse<\/strong> ergab, dass das bestehende System des Kunden die notwendigen Daten nicht innerhalb des gesetzlich vorgeschriebenen Zeitrahmens liefern konnte. Das <strong>L\u00f6sungsdesign<\/strong> konzentrierte sich entsprechend auf eine Umsetzung dieser Anforderung. Zus\u00e4tzlich wurden die Anforderungen an die Qualit\u00e4t der Grunddaten, wie \u00d6ffnungszeiten und Geodaten, sowie deren Aktualit\u00e4t, u. a. tempor\u00e4re Schlie\u00dfzeiten, im Rahmen des <strong>Informationsmanagements<\/strong> ber\u00fccksichtigt. Die <strong>IT-Sicherheit<\/strong> wurde durch verschl\u00fcsselte Kommunikation und die Datenverf\u00fcgbarkeit durch gezielte Einbindung in Informationsketten gew\u00e4hrleistet.<\/p>\n<\/div>\n<\/div><\/div><\/div><\/div><div id=\"pg-900-2\"  class=\"panel-grid panel-no-style\" ><div id=\"pgc-900-2-0\"  class=\"panel-grid-cell\" ><div id=\"panel-900-2-0-0\" class=\"so-panel widget widget_sow-features panel-first-child panel-last-child\" data-index=\"3\" ><div\n\t\t\t\n\t\t\tclass=\"so-widget-sow-features so-widget-sow-features-default-8bc88cfa03e1-900\"\n\t\t\t\n\t\t><ul\n\tclass=\"sow-features-list\n\tsow-features-responsive\">\n\n\t\t\t<li\n\t\t\tclass=\"sow-features-feature sow-icon-container-position-top\"\n\t\t\tstyle=\"display: flex; flex-direction: column; width: calc(100% - 25px);\"\n\t\t>\n\t\t\t\n\t\t\t\t\t\t<a\t\t\t\tclass=\"sow-icon-container sow-container-round\"\n\t\t\t\tstyle=\"color: #ffffff; \"\n\t\t\t\t\n\t\t\t\t\t\t\t\t\thref=\"https:\/\/www.your-its.de\/website\/leistungen\/de-technologie\/\"\n\t\t\t\t\t\t\t\t>\n\t\t\t\t<span class=\"sow-icon-fontawesome sow-far\" data-sow-icon=\"&#xf0eb;\"\n\t\tstyle=\"font-size: 40px; color: #008694\" \n\t\taria-hidden=\"true\"><\/span>\t\t\t<\/a>\n\n\t\t\t<div class=\"textwidget\">\n\t\t\t\t\n\t\t\t\t\t\t\t\t\t<h5 class=\"sow-features-feature-title\">\n\t\t\t\t\t\t\t\t\t\t\t\t\t<a\n\t\t\t\t\t\t\t\thref=\"https:\/\/www.your-its.de\/website\/leistungen\/de-technologie\/\"\n\t\t\t\t\t\t\t\t\t\t\t\t\t\t\t>\n\t\t\t\t\t\t\tTechnologie\t\t\t\t\t\t\t<\/a>\n\t\t\t\t\t\t\t\t\t\t\t\t<\/h5>\n\t\t\t\t\n\t\t\t\t\t\t\t<\/div>\n\t\t\t\t\t\t\t\t<\/li>\n\n\t<\/ul>\n<\/div><\/div><\/div><div id=\"pgc-900-2-1\"  class=\"panel-grid-cell\" ><div id=\"panel-900-2-1-0\" class=\"so-panel widget widget_sow-editor panel-first-child panel-last-child\" data-index=\"4\" ><div\n\t\t\t\n\t\t\tclass=\"so-widget-sow-editor so-widget-sow-editor-base\"\n\t\t\t\n\t\t>\n<div class=\"siteorigin-widget-tinymce textwidget\">\n\t<p>Wir entwickelten eine <strong>Serverapplikation<\/strong> zum Empfang, zur Validierung, Konvertierung und Sendung der Preis\u00e4nderungsmeldungen. Die Tankstellensysteme melden \u00fcber ITS-Systeme direkt an die MTS-K. F\u00fcr die Anbindung haben wir die <strong>Schnittstellen<\/strong> entwickelt sowie programmiert. In unserem Labor wurde ein <strong>Testsystem<\/strong> aufgesetzt, das auch heute noch zur <strong>Qualit\u00e4tssicherung<\/strong> bei Software-Ver\u00e4nderungen oder Adaptionen genutzt wird.<\/p>\n<\/div>\n<\/div><\/div><\/div><\/div><div id=\"pg-900-3\"  class=\"panel-grid panel-no-style\" ><div id=\"pgc-900-3-0\"  class=\"panel-grid-cell\" ><div id=\"panel-900-3-0-0\" class=\"so-panel widget widget_sow-features panel-first-child panel-last-child\" data-index=\"5\" ><div\n\t\t\t\n\t\t\tclass=\"so-widget-sow-features so-widget-sow-features-default-8bc88cfa03e1-900\"\n\t\t\t\n\t\t><ul\n\tclass=\"sow-features-list\n\tsow-features-responsive\">\n\n\t\t\t<li\n\t\t\tclass=\"sow-features-feature sow-icon-container-position-top\"\n\t\t\tstyle=\"display: flex; flex-direction: column; width: calc(100% - 25px);\"\n\t\t>\n\t\t\t\n\t\t\t\t\t\t<a\t\t\t\tclass=\"sow-icon-container sow-container-round\"\n\t\t\t\tstyle=\"color: #ffffff; \"\n\t\t\t\t\n\t\t\t\t\t\t\t\t\thref=\"https:\/\/www.your-its.de\/website\/leistungen\/de-service\/\"\n\t\t\t\t\t\t\t\t>\n\t\t\t\t<span class=\"sow-icon-fontawesome sow-fas\" data-sow-icon=\"&#xf06e;\"\n\t\tstyle=\"font-size: 40px; color: #008694\" \n\t\taria-hidden=\"true\"><\/span>\t\t\t<\/a>\n\n\t\t\t<div class=\"textwidget\">\n\t\t\t\t\n\t\t\t\t\t\t\t\t\t<h5 class=\"sow-features-feature-title\">\n\t\t\t\t\t\t\t\t\t\t\t\t\t<a\n\t\t\t\t\t\t\t\thref=\"https:\/\/www.your-its.de\/website\/leistungen\/de-service\/\"\n\t\t\t\t\t\t\t\t\t\t\t\t\t\t\t>\n\t\t\t\t\t\t\tService\t\t\t\t\t\t\t<\/a>\n\t\t\t\t\t\t\t\t\t\t\t\t<\/h5>\n\t\t\t\t\n\t\t\t\t\t\t\t<\/div>\n\t\t\t\t\t\t\t\t<\/li>\n\n\t<\/ul>\n<\/div><\/div><\/div><div id=\"pgc-900-3-1\"  class=\"panel-grid-cell\" ><div id=\"panel-900-3-1-0\" class=\"so-panel widget widget_sow-editor panel-first-child panel-last-child\" data-index=\"6\" ><div\n\t\t\t\n\t\t\tclass=\"so-widget-sow-editor so-widget-sow-editor-base\"\n\t\t\t\n\t\t>\n<div class=\"siteorigin-widget-tinymce textwidget\">\n\t<p>Zur Implementierung war ein Update der Kassensoftware notwendig, deren <strong>Rollout<\/strong> an \u00fcber 1.000 Tankstellen wir \u00fcber einen Zeitraum von sechs Wochen gesteuert haben. Seit 2013 <strong>hosten und monitoren<\/strong> wir die entwickelte Serverapplikation. Fehlermeldungen aus dem Monitoring werden intern an unsere Kollegen im <strong>Operating und Support<\/strong> weitergeleitet.<\/p>\n<\/div>\n<\/div><\/div><\/div><\/div><div id=\"pg-900-4\"  class=\"panel-grid panel-no-style\" ><div id=\"pgc-900-4-0\"  class=\"panel-grid-cell\" ><div id=\"panel-900-4-0-0\" class=\"so-panel widget widget_sow-features panel-first-child panel-last-child\" data-index=\"7\" ><div\n\t\t\t\n\t\t\tclass=\"so-widget-sow-features so-widget-sow-features-default-8bc88cfa03e1-900\"\n\t\t\t\n\t\t><ul\n\tclass=\"sow-features-list\n\tsow-features-responsive\">\n\n\t\t\t<li\n\t\t\tclass=\"sow-features-feature sow-icon-container-position-top\"\n\t\t\tstyle=\"display: flex; flex-direction: column; width: calc(100% - 25px);\"\n\t\t>\n\t\t\t\n\t\t\t\t\t\t<div\t\t\t\tclass=\"sow-icon-container sow-container-round\"\n\t\t\t\tstyle=\"color: #ffffff; \"\n\t\t\t\t\n\t\t\t\t\t\t\t>\n\t\t\t\t<span class=\"sow-icon-fontawesome sow-fas\" data-sow-icon=\"&#xf14a;\"\n\t\tstyle=\"font-size: 40px; color: #008694\" \n\t\taria-hidden=\"true\"><\/span>\t\t\t<\/div>\n\n\t\t\t<div class=\"textwidget\">\n\t\t\t\t\n\t\t\t\t\t\t\t\t\t<h5 class=\"sow-features-feature-title\">\n\t\t\t\t\t\tErgebnis\t\t\t\t\t<\/h5>\n\t\t\t\t\n\t\t\t\t\t\t\t<\/div>\n\t\t\t\t\t\t\t\t<\/li>\n\n\t<\/ul>\n<\/div><\/div><\/div><div id=\"pgc-900-4-1\"  class=\"panel-grid-cell\" ><div id=\"panel-900-4-1-0\" class=\"so-panel widget widget_sow-editor panel-first-child panel-last-child\" data-index=\"8\" ><div\n\t\t\t\n\t\t\tclass=\"so-widget-sow-editor so-widget-sow-editor-base\"\n\t\t\t\n\t\t>\n<div class=\"siteorigin-widget-tinymce textwidget\">\n\t<div class=\"siteorigin-widget-tinymce textwidget\">\n<ul>\n<li>Erfolgreiche Einf\u00fchrung eines Preismeldesystems entsprechend den kartellrechtlichen Anforderungen<\/li>\n<li>Performante und quasi 100%-ausfallsichere L\u00f6sung (Verf\u00fcgbarkeit seit Inbetriebnahme 2013: 99,99%)<\/li>\n<\/ul>\n<\/div>\n<\/div>\n<\/div><\/div><\/div><\/div><\/div>","protected":false},"excerpt":{"rendered":"<p>Seit Einf\u00fchrung der Markttransparenzstelle f\u00fcr Kraftstoffe (kurz MTS-K) im August 2013 sind alle Unternehmen, die \u00f6ffentliche Tankstellen betreiben oder deren Preise festsetzen, verpflichtet, Preis\u00e4nderungen bei den g\u00e4ngigen Kraftstoffsorten \u201ein Echtzeit&#8220; \u00fcber die MTS-K an das Bundeskartellamt zu melden. Unser Kunde, ein Mineral\u00f6lkonzern mit einem Netz von mehr als 1.000 Tankstellen, &hellip;<\/p>\n","protected":false},"author":1,"featured_media":1460,"parent":1316,"menu_order":0,"comment_status":"closed","ping_status":"closed","template":"","meta":{"footnotes":""},"class_list":["post-900","page","type-page","status-publish","has-post-thumbnail","hentry"],"yoast_head":"<!-- This site is optimized with the Yoast SEO plugin v27.5 - https:\/\/yoast.com\/product\/yoast-seo-wordpress\/ -->\n<title>Referenz: Preismelder - ITS Consulting GmbH<\/title>\n<meta name=\"robots\" content=\"index, follow, max-snippet:-1, max-image-preview:large, max-video-preview:-1\" \/>\n<link rel=\"canonical\" href=\"https:\/\/www.your-its.de\/website\/de-kompetenzen\/de-oil\/de-preismelder\/\" \/>\n<meta property=\"og:locale\" content=\"de_DE\" \/>\n<meta property=\"og:type\" content=\"article\" \/>\n<meta property=\"og:title\" content=\"Referenz: Preismelder - ITS Consulting GmbH\" \/>\n<meta property=\"og:description\" content=\"Seit Einf\u00fchrung der Markttransparenzstelle f\u00fcr Kraftstoffe (kurz MTS-K) im August 2013 sind alle Unternehmen, die \u00f6ffentliche Tankstellen betreiben oder deren Preise festsetzen, verpflichtet, Preis\u00e4nderungen bei den g\u00e4ngigen Kraftstoffsorten \u201ein Echtzeit&quot; \u00fcber die MTS-K an das Bundeskartellamt zu melden. Unser Kunde, ein Mineral\u00f6lkonzern mit einem Netz von mehr als 1.000 Tankstellen, &hellip;\" \/>\n<meta property=\"og:url\" content=\"https:\/\/www.your-its.de\/website\/de-kompetenzen\/de-oil\/de-preismelder\/\" \/>\n<meta property=\"og:site_name\" content=\"ITS Consulting GmbH\" \/>\n<meta property=\"article:modified_time\" content=\"2018-08-14T09:02:16+00:00\" \/>\n<meta property=\"og:image\" content=\"https:\/\/www.your-its.de\/website\/wp-content\/uploads\/2018\/03\/oil-500px.jpg\" \/>\n\t<meta property=\"og:image:width\" content=\"1920\" \/>\n\t<meta property=\"og:image:height\" content=\"500\" \/>\n\t<meta property=\"og:image:type\" content=\"image\/jpeg\" \/>\n<meta name=\"twitter:card\" content=\"summary_large_image\" \/>\n<meta name=\"twitter:label1\" content=\"Gesch\u00e4tzte Lesezeit\" \/>\n\t<meta name=\"twitter:data1\" content=\"2\u00a0Minuten\" \/>\n<script type=\"application\/ld+json\" class=\"yoast-schema-graph\">{\"@context\":\"https:\\\/\\\/schema.org\",\"@graph\":[{\"@type\":\"WebPage\",\"@id\":\"https:\\\/\\\/www.your-its.de\\\/website\\\/de-kompetenzen\\\/de-oil\\\/de-preismelder\\\/\",\"url\":\"https:\\\/\\\/www.your-its.de\\\/website\\\/de-kompetenzen\\\/de-oil\\\/de-preismelder\\\/\",\"name\":\"Referenz: Preismelder - ITS Consulting GmbH\",\"isPartOf\":{\"@id\":\"https:\\\/\\\/www.your-its.de\\\/website\\\/#website\"},\"primaryImageOfPage\":{\"@id\":\"https:\\\/\\\/www.your-its.de\\\/website\\\/de-kompetenzen\\\/de-oil\\\/de-preismelder\\\/#primaryimage\"},\"image\":{\"@id\":\"https:\\\/\\\/www.your-its.de\\\/website\\\/de-kompetenzen\\\/de-oil\\\/de-preismelder\\\/#primaryimage\"},\"thumbnailUrl\":\"https:\\\/\\\/www.your-its.de\\\/website\\\/wp-content\\\/uploads\\\/2018\\\/03\\\/oil-500px.jpg\",\"datePublished\":\"2018-03-09T11:48:45+00:00\",\"dateModified\":\"2018-08-14T09:02:16+00:00\",\"breadcrumb\":{\"@id\":\"https:\\\/\\\/www.your-its.de\\\/website\\\/de-kompetenzen\\\/de-oil\\\/de-preismelder\\\/#breadcrumb\"},\"inLanguage\":\"de\",\"potentialAction\":[{\"@type\":\"ReadAction\",\"target\":[\"https:\\\/\\\/www.your-its.de\\\/website\\\/de-kompetenzen\\\/de-oil\\\/de-preismelder\\\/\"]}]},{\"@type\":\"ImageObject\",\"inLanguage\":\"de\",\"@id\":\"https:\\\/\\\/www.your-its.de\\\/website\\\/de-kompetenzen\\\/de-oil\\\/de-preismelder\\\/#primaryimage\",\"url\":\"https:\\\/\\\/www.your-its.de\\\/website\\\/wp-content\\\/uploads\\\/2018\\\/03\\\/oil-500px.jpg\",\"contentUrl\":\"https:\\\/\\\/www.your-its.de\\\/website\\\/wp-content\\\/uploads\\\/2018\\\/03\\\/oil-500px.jpg\",\"width\":1920,\"height\":500},{\"@type\":\"BreadcrumbList\",\"@id\":\"https:\\\/\\\/www.your-its.de\\\/website\\\/de-kompetenzen\\\/de-oil\\\/de-preismelder\\\/#breadcrumb\",\"itemListElement\":[{\"@type\":\"ListItem\",\"position\":1,\"name\":\"Startseite\",\"item\":\"https:\\\/\\\/www.your-its.de\\\/website\\\/\"},{\"@type\":\"ListItem\",\"position\":2,\"name\":\"Kompetenzen\",\"item\":\"https:\\\/\\\/www.your-its.de\\\/website\\\/de-kompetenzen\\\/\"},{\"@type\":\"ListItem\",\"position\":3,\"name\":\"Oil\",\"item\":\"https:\\\/\\\/www.your-its.de\\\/website\\\/de-kompetenzen\\\/de-oil\\\/\"},{\"@type\":\"ListItem\",\"position\":4,\"name\":\"Referenz: Preismelder\"}]},{\"@type\":\"WebSite\",\"@id\":\"https:\\\/\\\/www.your-its.de\\\/website\\\/#website\",\"url\":\"https:\\\/\\\/www.your-its.de\\\/website\\\/\",\"name\":\"ITS Consulting GmbH\",\"description\":\"Qualit\u00e4t mit System\",\"publisher\":{\"@id\":\"https:\\\/\\\/www.your-its.de\\\/website\\\/#organization\"},\"potentialAction\":[{\"@type\":\"SearchAction\",\"target\":{\"@type\":\"EntryPoint\",\"urlTemplate\":\"https:\\\/\\\/www.your-its.de\\\/website\\\/?s={search_term_string}\"},\"query-input\":{\"@type\":\"PropertyValueSpecification\",\"valueRequired\":true,\"valueName\":\"search_term_string\"}}],\"inLanguage\":\"de\"},{\"@type\":\"Organization\",\"@id\":\"https:\\\/\\\/www.your-its.de\\\/website\\\/#organization\",\"name\":\"ITS Consulting GmbH\",\"url\":\"https:\\\/\\\/www.your-its.de\\\/website\\\/\",\"logo\":{\"@type\":\"ImageObject\",\"inLanguage\":\"de\",\"@id\":\"https:\\\/\\\/www.your-its.de\\\/website\\\/#\\\/schema\\\/logo\\\/image\\\/\",\"url\":\"https:\\\/\\\/www.your-its.de\\\/website\\\/wp-content\\\/uploads\\\/2017\\\/12\\\/logo.png\",\"contentUrl\":\"https:\\\/\\\/www.your-its.de\\\/website\\\/wp-content\\\/uploads\\\/2017\\\/12\\\/logo.png\",\"width\":350,\"height\":240,\"caption\":\"ITS Consulting GmbH\"},\"image\":{\"@id\":\"https:\\\/\\\/www.your-its.de\\\/website\\\/#\\\/schema\\\/logo\\\/image\\\/\"}}]}<\/script>\n<!-- \/ Yoast SEO plugin. -->","yoast_head_json":{"title":"Referenz: Preismelder - ITS Consulting GmbH","robots":{"index":"index","follow":"follow","max-snippet":"max-snippet:-1","max-image-preview":"max-image-preview:large","max-video-preview":"max-video-preview:-1"},"canonical":"https:\/\/www.your-its.de\/website\/de-kompetenzen\/de-oil\/de-preismelder\/","og_locale":"de_DE","og_type":"article","og_title":"Referenz: Preismelder - ITS Consulting GmbH","og_description":"Seit Einf\u00fchrung der Markttransparenzstelle f\u00fcr Kraftstoffe (kurz MTS-K) im August 2013 sind alle Unternehmen, die \u00f6ffentliche Tankstellen betreiben oder deren Preise festsetzen, verpflichtet, Preis\u00e4nderungen bei den g\u00e4ngigen Kraftstoffsorten \u201ein Echtzeit\" \u00fcber die MTS-K an das Bundeskartellamt zu melden. Unser Kunde, ein Mineral\u00f6lkonzern mit einem Netz von mehr als 1.000 Tankstellen, &hellip;","og_url":"https:\/\/www.your-its.de\/website\/de-kompetenzen\/de-oil\/de-preismelder\/","og_site_name":"ITS Consulting GmbH","article_modified_time":"2018-08-14T09:02:16+00:00","og_image":[{"width":1920,"height":500,"url":"https:\/\/www.your-its.de\/website\/wp-content\/uploads\/2018\/03\/oil-500px.jpg","type":"image\/jpeg"}],"twitter_card":"summary_large_image","twitter_misc":{"Gesch\u00e4tzte Lesezeit":"2\u00a0Minuten"},"schema":{"@context":"https:\/\/schema.org","@graph":[{"@type":"WebPage","@id":"https:\/\/www.your-its.de\/website\/de-kompetenzen\/de-oil\/de-preismelder\/","url":"https:\/\/www.your-its.de\/website\/de-kompetenzen\/de-oil\/de-preismelder\/","name":"Referenz: Preismelder - ITS Consulting GmbH","isPartOf":{"@id":"https:\/\/www.your-its.de\/website\/#website"},"primaryImageOfPage":{"@id":"https:\/\/www.your-its.de\/website\/de-kompetenzen\/de-oil\/de-preismelder\/#primaryimage"},"image":{"@id":"https:\/\/www.your-its.de\/website\/de-kompetenzen\/de-oil\/de-preismelder\/#primaryimage"},"thumbnailUrl":"https:\/\/www.your-its.de\/website\/wp-content\/uploads\/2018\/03\/oil-500px.jpg","datePublished":"2018-03-09T11:48:45+00:00","dateModified":"2018-08-14T09:02:16+00:00","breadcrumb":{"@id":"https:\/\/www.your-its.de\/website\/de-kompetenzen\/de-oil\/de-preismelder\/#breadcrumb"},"inLanguage":"de","potentialAction":[{"@type":"ReadAction","target":["https:\/\/www.your-its.de\/website\/de-kompetenzen\/de-oil\/de-preismelder\/"]}]},{"@type":"ImageObject","inLanguage":"de","@id":"https:\/\/www.your-its.de\/website\/de-kompetenzen\/de-oil\/de-preismelder\/#primaryimage","url":"https:\/\/www.your-its.de\/website\/wp-content\/uploads\/2018\/03\/oil-500px.jpg","contentUrl":"https:\/\/www.your-its.de\/website\/wp-content\/uploads\/2018\/03\/oil-500px.jpg","width":1920,"height":500},{"@type":"BreadcrumbList","@id":"https:\/\/www.your-its.de\/website\/de-kompetenzen\/de-oil\/de-preismelder\/#breadcrumb","itemListElement":[{"@type":"ListItem","position":1,"name":"Startseite","item":"https:\/\/www.your-its.de\/website\/"},{"@type":"ListItem","position":2,"name":"Kompetenzen","item":"https:\/\/www.your-its.de\/website\/de-kompetenzen\/"},{"@type":"ListItem","position":3,"name":"Oil","item":"https:\/\/www.your-its.de\/website\/de-kompetenzen\/de-oil\/"},{"@type":"ListItem","position":4,"name":"Referenz: Preismelder"}]},{"@type":"WebSite","@id":"https:\/\/www.your-its.de\/website\/#website","url":"https:\/\/www.your-its.de\/website\/","name":"ITS Consulting GmbH","description":"Qualit\u00e4t mit System","publisher":{"@id":"https:\/\/www.your-its.de\/website\/#organization"},"potentialAction":[{"@type":"SearchAction","target":{"@type":"EntryPoint","urlTemplate":"https:\/\/www.your-its.de\/website\/?s={search_term_string}"},"query-input":{"@type":"PropertyValueSpecification","valueRequired":true,"valueName":"search_term_string"}}],"inLanguage":"de"},{"@type":"Organization","@id":"https:\/\/www.your-its.de\/website\/#organization","name":"ITS Consulting GmbH","url":"https:\/\/www.your-its.de\/website\/","logo":{"@type":"ImageObject","inLanguage":"de","@id":"https:\/\/www.your-its.de\/website\/#\/schema\/logo\/image\/","url":"https:\/\/www.your-its.de\/website\/wp-content\/uploads\/2017\/12\/logo.png","contentUrl":"https:\/\/www.your-its.de\/website\/wp-content\/uploads\/2017\/12\/logo.png","width":350,"height":240,"caption":"ITS Consulting GmbH"},"image":{"@id":"https:\/\/www.your-its.de\/website\/#\/schema\/logo\/image\/"}}]}},"_links":{"self":[{"href":"https:\/\/www.your-its.de\/website\/wp-json\/wp\/v2\/pages\/900","targetHints":{"allow":["GET"]}}],"collection":[{"href":"https:\/\/www.your-its.de\/website\/wp-json\/wp\/v2\/pages"}],"about":[{"href":"https:\/\/www.your-its.de\/website\/wp-json\/wp\/v2\/types\/page"}],"author":[{"embeddable":true,"href":"https:\/\/www.your-its.de\/website\/wp-json\/wp\/v2\/users\/1"}],"replies":[{"embeddable":true,"href":"https:\/\/www.your-its.de\/website\/wp-json\/wp\/v2\/comments?post=900"}],"version-history":[{"count":132,"href":"https:\/\/www.your-its.de\/website\/wp-json\/wp\/v2\/pages\/900\/revisions"}],"predecessor-version":[{"id":1941,"href":"https:\/\/www.your-its.de\/website\/wp-json\/wp\/v2\/pages\/900\/revisions\/1941"}],"up":[{"embeddable":true,"href":"https:\/\/www.your-its.de\/website\/wp-json\/wp\/v2\/pages\/1316"}],"wp:featuredmedia":[{"embeddable":true,"href":"https:\/\/www.your-its.de\/website\/wp-json\/wp\/v2\/media\/1460"}],"wp:attachment":[{"href":"https:\/\/www.your-its.de\/website\/wp-json\/wp\/v2\/media?parent=900"}],"curies":[{"name":"wp","href":"https:\/\/api.w.org\/{rel}","templated":true}]}}