{"id":886,"date":"2018-03-09T12:39:31","date_gmt":"2018-03-09T11:39:31","guid":{"rendered":"http:\/\/your-its.eu\/website\/?page_id=886"},"modified":"2023-01-25T15:05:39","modified_gmt":"2023-01-25T14:05:39","slug":"de-service","status":"publish","type":"page","link":"https:\/\/www.your-its.de\/website\/leistungen\/de-service\/","title":{"rendered":"Service"},"content":{"rendered":"<div id=\"pl-886\"  class=\"panel-layout\" ><div id=\"pg-886-0\"  class=\"panel-grid panel-no-style\" ><div id=\"pgc-886-0-0\"  class=\"panel-grid-cell\" ><div id=\"panel-886-0-0-0\" class=\"so-panel widget widget_sow-editor panel-first-child panel-last-child\" data-index=\"0\" ><div\n\t\t\t\n\t\t\tclass=\"so-widget-sow-editor so-widget-sow-editor-base\"\n\t\t\t\n\t\t><h3 class=\"widget-title\">Wir monitoren, managen und hosten.<\/h3>\n<div class=\"siteorigin-widget-tinymce textwidget\">\n\t<p>Im Operating haben wir Ihre Systeme immer im Blick, im Support stehen wir Ihnen mit Helpdesk-Services zur Seite, wir managen Rollouts und hosten bei Bedarf Ihre IT-Anwendungen.<\/p>\n<\/div>\n<\/div><\/div><\/div><\/div><div id=\"pg-886-1\"  class=\"panel-grid panel-no-style\" ><div id=\"pgc-886-1-0\"  class=\"panel-grid-cell\" ><div id=\"panel-886-1-0-0\" class=\"so-panel widget widget_sow-features panel-first-child panel-last-child\" data-index=\"1\" ><div\n\t\t\t\n\t\t\tclass=\"so-widget-sow-features so-widget-sow-features-default-8bc88cfa03e1-886\"\n\t\t\t\n\t\t><ul\n\tclass=\"sow-features-list\n\tsow-features-responsive\">\n\n\t\t\t<li\n\t\t\tclass=\"sow-features-feature sow-icon-container-position-top\"\n\t\t\tstyle=\"display: flex; flex-direction: column; width: calc(100% - 25px);\"\n\t\t>\n\t\t\t\n\t\t\t\t\t\t<div\t\t\t\tclass=\"sow-icon-container sow-container-round\"\n\t\t\t\tstyle=\"color: #ffffff; \"\n\t\t\t\t\n\t\t\t\t\t\t\t>\n\t\t\t\t<span class=\"sow-icon-fontawesome sow-fas\" data-sow-icon=\"&#xf590;\"\n\t\tstyle=\"font-size: 40px; color: #008694\" \n\t\taria-hidden=\"true\"><\/span>\t\t\t<\/div>\n\n\t\t\t<div class=\"textwidget\">\n\t\t\t\t\n\t\t\t\t\t\t\t\t\t<h5 class=\"sow-features-feature-title\">\n\t\t\t\t\t\tOperating\t\t\t\t\t<\/h5>\n\t\t\t\t\n\t\t\t\t\t\t\t<\/div>\n\t\t\t\t\t\t\t\t<\/li>\n\n\t<\/ul>\n<\/div><\/div><\/div><div id=\"pgc-886-1-1\"  class=\"panel-grid-cell\" ><div id=\"panel-886-1-1-0\" class=\"so-panel widget widget_sow-editor panel-first-child panel-last-child\" data-index=\"2\" ><div\n\t\t\t\n\t\t\tclass=\"so-widget-sow-editor so-widget-sow-editor-base\"\n\t\t\t\n\t\t>\n<div class=\"siteorigin-widget-tinymce textwidget\">\n\t<p>Im laufenden Betrieb \u00fcbernehmen wir das <strong>Monitoring von Netzwerken<\/strong>, kl\u00e4ren Fehler und koordinieren deren Behebung. Wir betreuen auch <strong>IT-Infrastrukturen<\/strong> mit unterschiedlichen Systemen und ihren Datenservern oder definierte Teilbereiche. Dabei monitoren wir auch die <strong>Datenkommunikation<\/strong>, um die <strong>Datenqualit\u00e4t<\/strong> f\u00fcr Auswertungen und Reports im Sinne des <strong><a href=\"https:\/\/www.your-its.de\/website\/leistungen\/consulting\/\">Informationsmanagements<\/a> <\/strong>zu sichern. Bei Bedarf k\u00fcmmern wir uns um die Pflege und Verwaltung von Datenbest\u00e4nden.<\/p>\n<\/div>\n<\/div><\/div><\/div><\/div><div id=\"pg-886-2\"  class=\"panel-grid panel-no-style\" ><div id=\"pgc-886-2-0\"  class=\"panel-grid-cell\" ><div id=\"panel-886-2-0-0\" class=\"so-panel widget widget_sow-features panel-first-child panel-last-child\" data-index=\"3\" ><div\n\t\t\t\n\t\t\tclass=\"so-widget-sow-features so-widget-sow-features-default-8bc88cfa03e1-886\"\n\t\t\t\n\t\t><ul\n\tclass=\"sow-features-list\n\tsow-features-responsive\">\n\n\t\t\t<li\n\t\t\tclass=\"sow-features-feature sow-icon-container-position-top\"\n\t\t\tstyle=\"display: flex; flex-direction: column; width: calc(100% - 25px);\"\n\t\t>\n\t\t\t\n\t\t\t\t\t\t<div\t\t\t\tclass=\"sow-icon-container sow-container-round\"\n\t\t\t\tstyle=\"color: #ffffff; \"\n\t\t\t\t\n\t\t\t\t\t\t\t>\n\t\t\t\t<span class=\"sow-icon-fontawesome sow-fas\" data-sow-icon=\"&#xf0c0;\"\n\t\tstyle=\"font-size: 40px; color: #008694\" \n\t\taria-hidden=\"true\"><\/span>\t\t\t<\/div>\n\n\t\t\t<div class=\"textwidget\">\n\t\t\t\t\n\t\t\t\t\t\t\t\t\t<h5 class=\"sow-features-feature-title\">\n\t\t\t\t\t\tSupport\t\t\t\t\t<\/h5>\n\t\t\t\t\n\t\t\t\t\t\t\t<\/div>\n\t\t\t\t\t\t\t\t<\/li>\n\n\t<\/ul>\n<\/div><\/div><\/div><div id=\"pgc-886-2-1\"  class=\"panel-grid-cell\" ><div id=\"panel-886-2-1-0\" class=\"so-panel widget widget_sow-editor panel-first-child panel-last-child\" data-index=\"4\" ><div\n\t\t\t\n\t\t\tclass=\"so-widget-sow-editor so-widget-sow-editor-base\"\n\t\t\t\n\t\t>\n<div class=\"siteorigin-widget-tinymce textwidget\">\n\t<p>Im Support liegt unsere Kompetenz im <strong>Aufbau und der Organisation von Helpdesk-Dienstleistungen<\/strong>, damit der laufende Betrieb durch <strong>1<sup>st<\/sup> bis 3<sup>rd<\/sup> Level Support<\/strong> gew\u00e4hrleistet ist. Bei unseren eigenentwickelten Anwendungen und Services wie auch aus konkreten Kundenprojekten heraus \u00fcbernehmen wir selbst den Support und sind Ihr zuverl\u00e4ssiger Partner bis zur Fehlerbehebung.<\/p>\n<\/div>\n<\/div><\/div><\/div><\/div><div id=\"pg-886-3\"  class=\"panel-grid panel-no-style\" ><div id=\"pgc-886-3-0\"  class=\"panel-grid-cell\" ><div id=\"panel-886-3-0-0\" class=\"so-panel widget widget_sow-features panel-first-child panel-last-child\" data-index=\"5\" ><div\n\t\t\t\n\t\t\tclass=\"so-widget-sow-features so-widget-sow-features-default-8bc88cfa03e1-886\"\n\t\t\t\n\t\t><ul\n\tclass=\"sow-features-list\n\tsow-features-responsive\">\n\n\t\t\t<li\n\t\t\tclass=\"sow-features-feature sow-icon-container-position-top\"\n\t\t\tstyle=\"display: flex; flex-direction: column; width: calc(100% - 25px);\"\n\t\t>\n\t\t\t\n\t\t\t\t\t\t<div\t\t\t\tclass=\"sow-icon-container sow-container-round\"\n\t\t\t\tstyle=\"color: #ffffff; \"\n\t\t\t\t\n\t\t\t\t\t\t\t>\n\t\t\t\t<span class=\"sow-icon-fontawesome sow-fas\" data-sow-icon=\"&#xf065;\"\n\t\tstyle=\"font-size: 40px; color: #008694\" \n\t\taria-hidden=\"true\"><\/span>\t\t\t<\/div>\n\n\t\t\t<div class=\"textwidget\">\n\t\t\t\t\n\t\t\t\t\t\t\t\t\t<h5 class=\"sow-features-feature-title\">\n\t\t\t\t\t\tRollout &amp; Implementation\t\t\t\t\t<\/h5>\n\t\t\t\t\n\t\t\t\t\t\t\t<\/div>\n\t\t\t\t\t\t\t\t<\/li>\n\n\t<\/ul>\n<\/div><\/div><\/div><div id=\"pgc-886-3-1\"  class=\"panel-grid-cell\" ><div id=\"panel-886-3-1-0\" class=\"so-panel widget widget_sow-editor panel-first-child panel-last-child\" data-index=\"6\" ><div\n\t\t\t\n\t\t\tclass=\"so-widget-sow-editor so-widget-sow-editor-base\"\n\t\t\t\n\t\t>\n<div class=\"siteorigin-widget-tinymce textwidget\">\n\t<p>Durch die technische Bestandsaufnahme stellen wir vor dem <strong>Rollout<\/strong> sicher, dass alle notwendigen Informationen f\u00fcr die Planung vorliegen. Wir spezifizieren <strong>Site Surveys<\/strong>, \u00fcberwachen deren Durchf\u00fchrung und werten sie aus. Dieses Vorgehen stellt die Grundlage f\u00fcr die anschlie\u00dfende <strong>Steuerung und \u00dcberwachung aller Rollout-Prozesse<\/strong>, zum Beispiel vom Staging, Verkabelung, Installationsvorbereitung, Vorab-Installation bis zur Inbetriebnahme, und geh\u00f6rt zu einem erfolgreichen <strong>Implementation Management<\/strong>.<\/p>\n<\/div>\n<\/div><\/div><\/div><\/div><div id=\"pg-886-4\"  class=\"panel-grid panel-no-style\" ><div id=\"pgc-886-4-0\"  class=\"panel-grid-cell\" ><div id=\"panel-886-4-0-0\" class=\"so-panel widget widget_sow-features panel-first-child panel-last-child\" data-index=\"7\" ><div\n\t\t\t\n\t\t\tclass=\"so-widget-sow-features so-widget-sow-features-default-8bc88cfa03e1-886\"\n\t\t\t\n\t\t><ul\n\tclass=\"sow-features-list\n\tsow-features-responsive\">\n\n\t\t\t<li\n\t\t\tclass=\"sow-features-feature sow-icon-container-position-top\"\n\t\t\tstyle=\"display: flex; flex-direction: column; width: calc(100% - 25px);\"\n\t\t>\n\t\t\t\n\t\t\t\t\t\t<div\t\t\t\tclass=\"sow-icon-container sow-container-round\"\n\t\t\t\tstyle=\"color: #ffffff; \"\n\t\t\t\t\n\t\t\t\t\t\t\t>\n\t\t\t\t<span class=\"sow-icon-fontawesome sow-fas\" data-sow-icon=\"&#xf0c2;\"\n\t\tstyle=\"font-size: 40px; color: #008694\" \n\t\taria-hidden=\"true\"><\/span>\t\t\t<\/div>\n\n\t\t\t<div class=\"textwidget\">\n\t\t\t\t\n\t\t\t\t\t\t\t\t\t<h5 class=\"sow-features-feature-title\">\n\t\t\t\t\t\tHosting \/ Webhosting\t\t\t\t\t<\/h5>\n\t\t\t\t\n\t\t\t\t\t\t\t<\/div>\n\t\t\t\t\t\t\t\t<\/li>\n\n\t<\/ul>\n<\/div><\/div><\/div><div id=\"pgc-886-4-1\"  class=\"panel-grid-cell\" ><div id=\"panel-886-4-1-0\" class=\"so-panel widget widget_sow-editor panel-first-child panel-last-child\" data-index=\"8\" ><div\n\t\t\t\n\t\t\tclass=\"so-widget-sow-editor so-widget-sow-editor-base\"\n\t\t\t\n\t\t>\n<div class=\"siteorigin-widget-tinymce textwidget\">\n\t<p>F\u00fcr <strong>projekt- und kundenspezifische Anwendungen<\/strong> \u00fcbernehmen wir gern das Hosting, z. B. von Informationsdatenbanken, Projektplanungstools oder Sharepoint-Installationen. Je nach Anforderung kann dies als klassisches Hosting oder Webhosting in unseren beiden <strong>dedizierten Rechenzentren<\/strong>, die unseren Kunden eine <strong>hohe Ausfallsicherheit<\/strong> garantieren, erfolgen.<\/p>\n<\/div>\n<\/div><\/div><\/div><\/div><\/div>","protected":false},"excerpt":{"rendered":"<p>Im Operating haben wir Ihre Systeme immer im Blick, im Support stehen wir Ihnen mit Helpdesk-Services zur Seite, wir managen Rollouts und hosten bei Bedarf Ihre IT-Anwendungen. Im laufenden Betrieb \u00fcbernehmen wir das Monitoring von Netzwerken, kl\u00e4ren Fehler und koordinieren deren Behebung. Wir betreuen auch IT-Infrastrukturen mit unterschiedlichen Systemen und &hellip;<\/p>\n","protected":false},"author":1,"featured_media":0,"parent":97,"menu_order":0,"comment_status":"closed","ping_status":"closed","template":"","meta":{"footnotes":""},"class_list":["post-886","page","type-page","status-publish","hentry"],"yoast_head":"<!-- This site is optimized with the Yoast SEO plugin v27.5 - https:\/\/yoast.com\/product\/yoast-seo-wordpress\/ -->\n<title>Service - ITS Consulting GmbH<\/title>\n<meta name=\"robots\" content=\"index, follow, max-snippet:-1, max-image-preview:large, max-video-preview:-1\" \/>\n<link rel=\"canonical\" href=\"https:\/\/www.your-its.de\/website\/leistungen\/de-service\/\" \/>\n<meta property=\"og:locale\" content=\"de_DE\" \/>\n<meta property=\"og:type\" content=\"article\" \/>\n<meta property=\"og:title\" content=\"Service - ITS Consulting GmbH\" \/>\n<meta property=\"og:description\" content=\"Im Operating haben wir Ihre Systeme immer im Blick, im Support stehen wir Ihnen mit Helpdesk-Services zur Seite, wir managen Rollouts und hosten bei Bedarf Ihre IT-Anwendungen. Im laufenden Betrieb \u00fcbernehmen wir das Monitoring von Netzwerken, kl\u00e4ren Fehler und koordinieren deren Behebung. Wir betreuen auch IT-Infrastrukturen mit unterschiedlichen Systemen und &hellip;\" \/>\n<meta property=\"og:url\" content=\"https:\/\/www.your-its.de\/website\/leistungen\/de-service\/\" \/>\n<meta property=\"og:site_name\" content=\"ITS Consulting GmbH\" \/>\n<meta property=\"article:modified_time\" content=\"2023-01-25T14:05:39+00:00\" \/>\n<meta name=\"twitter:card\" content=\"summary_large_image\" \/>\n<meta name=\"twitter:label1\" content=\"Gesch\u00e4tzte Lesezeit\" \/>\n\t<meta name=\"twitter:data1\" content=\"2\u00a0Minuten\" \/>\n<script type=\"application\/ld+json\" class=\"yoast-schema-graph\">{\"@context\":\"https:\\\/\\\/schema.org\",\"@graph\":[{\"@type\":\"WebPage\",\"@id\":\"https:\\\/\\\/www.your-its.de\\\/website\\\/leistungen\\\/de-service\\\/\",\"url\":\"https:\\\/\\\/www.your-its.de\\\/website\\\/leistungen\\\/de-service\\\/\",\"name\":\"Service - ITS Consulting GmbH\",\"isPartOf\":{\"@id\":\"https:\\\/\\\/www.your-its.de\\\/website\\\/#website\"},\"datePublished\":\"2018-03-09T11:39:31+00:00\",\"dateModified\":\"2023-01-25T14:05:39+00:00\",\"breadcrumb\":{\"@id\":\"https:\\\/\\\/www.your-its.de\\\/website\\\/leistungen\\\/de-service\\\/#breadcrumb\"},\"inLanguage\":\"de\",\"potentialAction\":[{\"@type\":\"ReadAction\",\"target\":[\"https:\\\/\\\/www.your-its.de\\\/website\\\/leistungen\\\/de-service\\\/\"]}]},{\"@type\":\"BreadcrumbList\",\"@id\":\"https:\\\/\\\/www.your-its.de\\\/website\\\/leistungen\\\/de-service\\\/#breadcrumb\",\"itemListElement\":[{\"@type\":\"ListItem\",\"position\":1,\"name\":\"Startseite\",\"item\":\"https:\\\/\\\/www.your-its.de\\\/website\\\/\"},{\"@type\":\"ListItem\",\"position\":2,\"name\":\"Leistungen\",\"item\":\"https:\\\/\\\/www.your-its.de\\\/website\\\/leistungen\\\/\"},{\"@type\":\"ListItem\",\"position\":3,\"name\":\"Service\"}]},{\"@type\":\"WebSite\",\"@id\":\"https:\\\/\\\/www.your-its.de\\\/website\\\/#website\",\"url\":\"https:\\\/\\\/www.your-its.de\\\/website\\\/\",\"name\":\"ITS Consulting GmbH\",\"description\":\"Qualit\u00e4t mit System\",\"publisher\":{\"@id\":\"https:\\\/\\\/www.your-its.de\\\/website\\\/#organization\"},\"potentialAction\":[{\"@type\":\"SearchAction\",\"target\":{\"@type\":\"EntryPoint\",\"urlTemplate\":\"https:\\\/\\\/www.your-its.de\\\/website\\\/?s={search_term_string}\"},\"query-input\":{\"@type\":\"PropertyValueSpecification\",\"valueRequired\":true,\"valueName\":\"search_term_string\"}}],\"inLanguage\":\"de\"},{\"@type\":\"Organization\",\"@id\":\"https:\\\/\\\/www.your-its.de\\\/website\\\/#organization\",\"name\":\"ITS Consulting GmbH\",\"url\":\"https:\\\/\\\/www.your-its.de\\\/website\\\/\",\"logo\":{\"@type\":\"ImageObject\",\"inLanguage\":\"de\",\"@id\":\"https:\\\/\\\/www.your-its.de\\\/website\\\/#\\\/schema\\\/logo\\\/image\\\/\",\"url\":\"https:\\\/\\\/www.your-its.de\\\/website\\\/wp-content\\\/uploads\\\/2017\\\/12\\\/logo.png\",\"contentUrl\":\"https:\\\/\\\/www.your-its.de\\\/website\\\/wp-content\\\/uploads\\\/2017\\\/12\\\/logo.png\",\"width\":350,\"height\":240,\"caption\":\"ITS Consulting GmbH\"},\"image\":{\"@id\":\"https:\\\/\\\/www.your-its.de\\\/website\\\/#\\\/schema\\\/logo\\\/image\\\/\"}}]}<\/script>\n<!-- \/ Yoast SEO plugin. -->","yoast_head_json":{"title":"Service - ITS Consulting GmbH","robots":{"index":"index","follow":"follow","max-snippet":"max-snippet:-1","max-image-preview":"max-image-preview:large","max-video-preview":"max-video-preview:-1"},"canonical":"https:\/\/www.your-its.de\/website\/leistungen\/de-service\/","og_locale":"de_DE","og_type":"article","og_title":"Service - ITS Consulting GmbH","og_description":"Im Operating haben wir Ihre Systeme immer im Blick, im Support stehen wir Ihnen mit Helpdesk-Services zur Seite, wir managen Rollouts und hosten bei Bedarf Ihre IT-Anwendungen. Im laufenden Betrieb \u00fcbernehmen wir das Monitoring von Netzwerken, kl\u00e4ren Fehler und koordinieren deren Behebung. Wir betreuen auch IT-Infrastrukturen mit unterschiedlichen Systemen und &hellip;","og_url":"https:\/\/www.your-its.de\/website\/leistungen\/de-service\/","og_site_name":"ITS Consulting GmbH","article_modified_time":"2023-01-25T14:05:39+00:00","twitter_card":"summary_large_image","twitter_misc":{"Gesch\u00e4tzte Lesezeit":"2\u00a0Minuten"},"schema":{"@context":"https:\/\/schema.org","@graph":[{"@type":"WebPage","@id":"https:\/\/www.your-its.de\/website\/leistungen\/de-service\/","url":"https:\/\/www.your-its.de\/website\/leistungen\/de-service\/","name":"Service - ITS Consulting GmbH","isPartOf":{"@id":"https:\/\/www.your-its.de\/website\/#website"},"datePublished":"2018-03-09T11:39:31+00:00","dateModified":"2023-01-25T14:05:39+00:00","breadcrumb":{"@id":"https:\/\/www.your-its.de\/website\/leistungen\/de-service\/#breadcrumb"},"inLanguage":"de","potentialAction":[{"@type":"ReadAction","target":["https:\/\/www.your-its.de\/website\/leistungen\/de-service\/"]}]},{"@type":"BreadcrumbList","@id":"https:\/\/www.your-its.de\/website\/leistungen\/de-service\/#breadcrumb","itemListElement":[{"@type":"ListItem","position":1,"name":"Startseite","item":"https:\/\/www.your-its.de\/website\/"},{"@type":"ListItem","position":2,"name":"Leistungen","item":"https:\/\/www.your-its.de\/website\/leistungen\/"},{"@type":"ListItem","position":3,"name":"Service"}]},{"@type":"WebSite","@id":"https:\/\/www.your-its.de\/website\/#website","url":"https:\/\/www.your-its.de\/website\/","name":"ITS Consulting GmbH","description":"Qualit\u00e4t mit System","publisher":{"@id":"https:\/\/www.your-its.de\/website\/#organization"},"potentialAction":[{"@type":"SearchAction","target":{"@type":"EntryPoint","urlTemplate":"https:\/\/www.your-its.de\/website\/?s={search_term_string}"},"query-input":{"@type":"PropertyValueSpecification","valueRequired":true,"valueName":"search_term_string"}}],"inLanguage":"de"},{"@type":"Organization","@id":"https:\/\/www.your-its.de\/website\/#organization","name":"ITS Consulting GmbH","url":"https:\/\/www.your-its.de\/website\/","logo":{"@type":"ImageObject","inLanguage":"de","@id":"https:\/\/www.your-its.de\/website\/#\/schema\/logo\/image\/","url":"https:\/\/www.your-its.de\/website\/wp-content\/uploads\/2017\/12\/logo.png","contentUrl":"https:\/\/www.your-its.de\/website\/wp-content\/uploads\/2017\/12\/logo.png","width":350,"height":240,"caption":"ITS Consulting GmbH"},"image":{"@id":"https:\/\/www.your-its.de\/website\/#\/schema\/logo\/image\/"}}]}},"_links":{"self":[{"href":"https:\/\/www.your-its.de\/website\/wp-json\/wp\/v2\/pages\/886","targetHints":{"allow":["GET"]}}],"collection":[{"href":"https:\/\/www.your-its.de\/website\/wp-json\/wp\/v2\/pages"}],"about":[{"href":"https:\/\/www.your-its.de\/website\/wp-json\/wp\/v2\/types\/page"}],"author":[{"embeddable":true,"href":"https:\/\/www.your-its.de\/website\/wp-json\/wp\/v2\/users\/1"}],"replies":[{"embeddable":true,"href":"https:\/\/www.your-its.de\/website\/wp-json\/wp\/v2\/comments?post=886"}],"version-history":[{"count":30,"href":"https:\/\/www.your-its.de\/website\/wp-json\/wp\/v2\/pages\/886\/revisions"}],"predecessor-version":[{"id":2066,"href":"https:\/\/www.your-its.de\/website\/wp-json\/wp\/v2\/pages\/886\/revisions\/2066"}],"up":[{"embeddable":true,"href":"https:\/\/www.your-its.de\/website\/wp-json\/wp\/v2\/pages\/97"}],"wp:attachment":[{"href":"https:\/\/www.your-its.de\/website\/wp-json\/wp\/v2\/media?parent=886"}],"curies":[{"name":"wp","href":"https:\/\/api.w.org\/{rel}","templated":true}]}}